s 3 (base 8) in base 7?
3
Convert -1013 (base 4) to base 7.
-131
What is 71 (base 12) in base 9?
104
Convert 5 (base 10) to base 3.
12
Convert -1 (base 10) to base 3.
-1
302 (base 6) to base 13
86
346 (base 7) to base 14
cd
What is 9e (base 16) in base 13?
c2
What is 2 (base 5) in base 10?
2
What is -11 (base 15) in base 12?
-14
What is 122 (base 12) in base 7?
332
-8 (base 15) to base 10
-8
Convert -61 (base 13) to base 14.
-59
Convert -2 (base 7) to base 10.
-2
Convert 10 (base 7) to base 16.
7
7 (base 9) to base 7
10
3 (base 14) to base 5
3
2c (base 16) to base 12
38
20 (base 13) to base 3
222
e (base 16) to base 13
11
-10 (base 15) to base 7
-21
4 (base 15) to base 9
4
What is 202 (base 7) in base 2?
1100100
Convert -101 (base 2) to base 10.
-5
What is 3 (base 4) in base 15?
3
15 (base 9) to base 13
11
Convert 141 (base 5) to base 14.
34
-127 (base 8) to base 11
-7a
Convert -25 (base 10) to base 13.
-1c
-a (base 14) to base 8
-12
What is -17 (base 12) in base 10?
-19
-20 (base 6) to base 5
-22
What is 5 (base 14) in base 16?
5
3210 (base 4) to base 8
344
Convert 38 (base 10) to base 4.
212
Convert -122 (base 8) to base 15.
-57
Convert 1d (base 15) to base 16.
1c
What is -4 (base 6) in base 4?
-10
-1c (base 16) to base 2
-11100
-3 (base 10) to base 12
-3
What is -6 (base 16) in base 5?
-11
Convert -2213 (base 4) to base 9.
-205
Convert -155 (base 6) to base 16.
-47
What is 14 (base 15) in base 7?
25
What is 6 (base 12) in base 16?
6
-26 (base 11) to base 8
-34
What is 3 (base 15) in base 16?
3
4 (base 10) to base 6
4
-2321 (base 4) to base 7
-353
2 (base 13) to base 2
10
-1 (base 16) to base 2
-1
0 (base 8) to base 10
0
b1 (base 15) to base 8
246
What is -3 (base 9) in base 12?
-3
Convert -4 (base 13) to base 2.
-100
-4 (base 12) to base 5
-4
5 (base 12) to base 11
5
Convert 20 (base 12) to base 11.
22
Convert a (base 14) to base 2.
1010
Convert 0 (base 15) to base 9.
0
6 (base 7) to base 9
6
What is a (base 13) in base 10?
10
5b (base 16) to base 7
160
Convert 22 (base 12) to base 16.
1a
What is -1c (base 13) in base 5?
-100
150 (base 10) to base 15
a0
b (base 16) to base 7
14
Convert -38 (base 10) to base 12.
-32
What is -3 (base 9) in base 7?
-3
Convert -11 (base 3) to base 15.
-4
44 (base 11) to base 8
60
2 (base 12) to base 14
2
What is 22 (base 3) in base 6?
12
What is -14 (base 7) in base 16?
-b
Convert 6 (base 10) to base 7.
6
Convert -9 (base 13) to base 12.
-9
What is -aa (base 15) in base 12?
-114
What is -51 (base 8) in base 6?
-105
What is -11 (base 4) in base 12?
-5
29 (base 12) to base 4
201
What is 217 (base 9) in base 6?
454
17 (base 11) to base 8
22
Convert -43 (base 8) to base 9.
-38
What is -39 (base 16) in base 9?
-63
What is -2 (base 3) in base 10?
-2
What is -1 (base 10) in base 7?
-1
Convert -4 (base 8) to base 2.
-100
Convert -312 (base 4) to base 15.
-39
Convert 4 (base 13) to base 16.
4
-11 (base 11) to base 6
-20
What is 3 (base 14) in base 9?
3
-15a (base 13) to base 6
-1044
Convert 10 (base 3) to base 13.
3
b5 (base 16) to base 15
c1
Convert -12 (base 5) to base 2.
-111
Convert -18 (base 12) to base 10.
-20
What is -210 (base 3) in base 6?
-33
Convert 4 (base 8) to base 5.
4
Convert 3 (base 9) to base 15.
3
-223 (base 5) to base 16
-3f
Convert -e (base 16) to base 4.
-32
1 (base 11) to base 3
1
5 (base 13) to base 14
5
112 (base 3) to base 8
16
Convert 10 (base 15) to base 4.
33
-12 (base 3) to base 16
-5
Convert -5 (base 8) to base 16.
-5
What is 25 (base 14) in base 13?
27
Convert 2 (base 14) to base 6.
2
What is -9 (base 11) in base 9?
-10
-6 (base 9) to base 6
-10
Convert 207 (base 9) to base 15.
b4
What is 2 (base 10) in base 13?
2
6 (base 14) to base 4
12
-2 (base 16) to base 7
-2
Convert -4 (base 10) to base 4.
-10
Convert -1b (base 16) to base 10.
-27
82 (base 10) to base 16
52
Convert -3 (base 11) to base 14.
-3
Convert -3 (base 5) to base 7.
-3
1 (base 7) to base 16
1
1 (base 5) to base 12
1
Convert -18 (base 15) to base 3.
-212
-303 (base 4) to base 10
-51
-11 (base 5) to base 3
-20
-49 (base 12) to base 10
-57
What is 8 (base 9) in base 4?
20
What is 16 (base 8) in base 13?
11
Convert 0 (base 13) to base 11.
0
Convert 86 (base 14) to base 13.
91
Convert 2 (base 4) to base 14.
2
Convert -12 (base 10) to base 5.
-22
What is -2 (base 8) in base 7?
-2
What is 0 (base 11) in base 6?
0
311 (base 5) to base 2
1010001
-10111 (base 3) to base 13
-73
Convert 140 (base 5) to base 2.
101101
Convert 230 (base 6) to base 4.
1122
Convert -120 (base 6) to base 14.
-36
10001 (base 2) to base 12
15
-7 (base 16) to base 5
-12
Convert 51 (base 6) to base 16.
1f
Convert -111 (base 2) to base 10.
-7
Convert -17 (base 15) to base 11.
-20
3c (base 15) to base 11
52
Convert -40 (base 7) to base 14.
-20
What is 1c (base 13) in base 7?
34
-11 (base 5) to base 4
-12
What is -122 (base 4) in base 15?
-1b
What is -10 (base 4) in base 9?
-4
What is 2 (base 7) in base 9?
2
10 (base 3) to base 4
3
What is 21 (base 15) in base 16?
1f
12 (base 3) to base 11
5
-7 (base 11) to base 8
-7
Convert 6a (base 15) to base 5.
400
10 (base 8) to base 2
1000
What is 1033 (base 4) in base 5?
304
a (base 15) to base 12
a
1b (base 12) to base 6
35
-105 (base 9) to base 11
-79
-1 (base 12) to base 14
-1
What is -4 (base 14) in base 5?
-4
-211 (base 5) to base 8
-70
Convert 111010 (base 2) to base 6.
134
Convert 1 (base 13) to base 5.
1
Convert -8f (base 16) to base 9.
-168
-1 (base 6) to base 15
-1
Convert 10 (base 2) to base 10.
2
What is 3 (base 11) in base 5?
3
-1022 (base 3) to base 10
-35
What is -11 (base 14) in base 10?
-15
What is 15 (base 7) in base 8?
14
Convert -15 (base 12) to base 13.
-14
What is -9 (base 16) in base 10?
-9
2124 (base 5) to base 12
201
-91 (base 15) to base 10
-136
Convert 2 (base 14) to base 2.
10
-2 (base 11) to base 13
-2
-100 (base 2) to base 14
-4
10100 (base 3) to base 12
76
-13 (base 7) to base 8
-12
Convert 2 (base 13) to base 8.
2
Convert 177 (base 12) to base 5.
1420
Convert 101000 (base 2) to base 4.
220
What is 0 (base 14) in base 11?
0
What is 44 (base 13) in base 4?
320
-401 (base 7) to base 2
-11000101
What is -c (base 16) in base 7?
-15
What is -211 (base 6) in base 3?
-2221
Convert -5 (base 13) to base 7.
-5
Convert 117 (base 8) to base 9.
87
92 (base 12) to base 5
420
Convert -121 (base 6) to base 5.
-144
-100101 (base 2) to base 11
-34
Convert -101 (base 3) to base 10.
-10
2 (base 13) to base 7
2
10 (base 5) to base 6
5
What is 18 (base 14) in base 12?
1a
Convert 1000010 (base 2) to base 8.
102
-3 (base 14) to base 11
-3
Convert -4 (base 7) to base 10.
-4
Convert 17 (base 14) to base 8.
25
Convert 14 (base 14) to base 9.
20
What is 1 (base 2) in base 16?
1
-102 (base 4) to base 7
-24
a (base 11) to base 14
a
-6 (base 15) to base 14
-6
-1 (base 8) to base 9
-1
Convert -2 (base 6) to base 15.
-2
-34 (base 7) to base 4
-121
Convert 12 (base 3) to base 7.
5
2 (base 11) to base 12
2
What is -10122 (base 3) in base 10?
-98
-303 (base 5) to base 10
-78
-161 (base 9) to base 11
-114
What is 11 (base 2) in base 10?
3
What is 2211 (base 3) in base 5?
301
-4 (base 12) to base 9
-4
-12 (base 7) to base 13
-9
-37 (base 13) to base 10
-46
What is 5 (base 14) in base 16?
5
What is 7 (base 8) in base 3?
21
What is -61 (base 8) in base 16?
-31
-4 (base 7) to base 6
-4
-113 (base 4) to base 16
-17
What is 12 (base 12) in base 13?
11
What is 13 (base 14) in base 15?
12
Convert 4 (base 15) to base 11.
4
-3 (base 14) to base 12
-3
-38 (base 9) to base 5
-120
-1 (base 7) to base 5
-1
What is -15 (base 14) in base 5?
-34
Convert -3 (base 8) to base 12.
-3
Convert 4 (base 16) to base 4.
10
What is -3 (base 6) in base 13?
-3
What is -1 (base 6) in base 4?
-1
-220 (base 9) to base 12
-130
What is 12 (base 3) in base 8?
5
What is 0 (base 7) in base 9?
0
-1 (base 12) to base 8
-1
Convert -8 (base 12) to base 16.
-8
-1001101 (base 2) to base 3
-2212
What is -35 (base 8) in base 14?
-21
Convert 110 (base 9) to base 15.
60
Convert -100101 (base 2) to base 11.
-34
-25 (base 8) to base 15
-16
Convert 100100 (base 2) to base 13.
2a
What is -69 (base 16) in base 15?
-70
4 (base 15) to base 11
4
Convert -1 (base 9) to base 15.
-1
111 (base 2) to base 11
7
What is -5 (base 13) in base 5?
-10
63 (base 7) to base 14
33
-11 (base 8) to